{"id":22839,"date":"2020-12-01T10:06:54","date_gmt":"2020-12-01T10:06:54","guid":{"rendered":"https:\/\/www.danke-galerie.com\/produit\/table-a-manger-ovale-des-annees-60-en-marbre-blanc-de-carrare\/"},"modified":"2021-04-19T06:47:39","modified_gmt":"2021-04-19T06:47:39","slug":"oval-dining-table-in-carrara-marble-from-the-70s","status":"publish","type":"product","link":"https:\/\/www.danke-galerie.com\/en\/produit\/oval-dining-table-in-carrara-marble-from-the-70s\/","title":{"rendered":"Oval dining table in Carrara marble from the 70s"},"content":{"rendered":"<div class=\"wpb-content-wrapper\"><p>[vc_row][vc_column][vc_custom_heading source=&#8221;post_title&#8221; font_container=&#8221;tag:h1|font_size:16|text_align:center|color:%23606060&#8243; google_fonts=&#8221;font_family:Roboto%3A100%2C100italic%2C300%2C300italic%2Cregular%2Citalic%2C500%2C500italic%2C700%2C700italic%2C900%2C900italic|font_style:400%20regular%3A400%3Anormal&#8221; css=&#8221;.vc_custom_1515421781244{margin-bottom: 15px !important;}&#8221; el_class=&#8221;produitTitre&#8221;][vc_separator][vc_column_text css=&#8221;.vc_custom_1614000632644{margin-bottom: 10px !important;}&#8221;]<span style=\"color: #808080;\"><span style=\"caret-color: #808080;\">Large oval dining table in varnished Carrara marble from the 70s.\u00a0<\/span><\/span><\/p>\n<p>&nbsp;<\/p>\n<p style=\"text-align: left;\"><b><span style=\"color: #808080;\">Designer :<\/span><\/b><span style=\"color: #808080;\">\u00a0<\/span><span style=\"color: #808080;\"><span style=\"caret-color: #808080;\">unknown<\/span><\/span><\/p>\n<p>[\/vc_column_text][vc_separator][\/vc_column][\/vc_row][vc_row][vc_column][vc_tta_accordion style=&#8221;flat&#8221; shape=&#8221;square&#8221; color=&#8221;white&#8221; c_position=&#8221;right&#8221; active_section=&#8221;287&#8243; no_fill=&#8221;true&#8221; collapsible_all=&#8221;true&#8221;][vc_tta_section title=&#8221;Details (dimensions, condition, &#8230;)&#8221; tab_id=&#8221;1514895864283-96537841-14de&#8221;][vc_column_text]<strong style=\"color: #808080;\">Period :<\/strong><span style=\"color: #808080;\">\u00a070&#8217;s<\/span><\/p>\n<p>&nbsp;<\/p>\n<p><strong style=\"color: #808080;\">Place of origin : <\/strong><span style=\"color: #808080;\">France<\/span><\/p>\n<p>&nbsp;<\/p>\n<p><span style=\"color: #808080;\"><strong>Dimensions : <\/strong>L. 180 cm \/\u00a0H. 101 cm \u00a0\/ H. 73 cm.<\/span><\/p>\n<p>&nbsp;<\/p>\n<p><span style=\"color: #808080;\"><strong>Condition : \u00a0<\/strong><\/span><span style=\"color: #808080;\">Excellent<\/span><i style=\"color: #808080;\"><br \/>\n<\/i><\/p>\n<p>&nbsp;<\/p>\n<p>[\/vc_column_text][\/vc_tta_section][\/vc_tta_accordion][\/vc_column][\/vc_row][vc_row][vc_column][vc_separator][\/vc_column][\/vc_row][vc_row css=&#8221;.vc_custom_1515423662474{margin-top: 10px !important;}&#8221;][vc_column][vc_tta_accordion style=&#8221;flat&#8221; shape=&#8221;square&#8221; spacing=&#8221;30&#8243; gap=&#8221;35&#8243; c_align=&#8221;center&#8221; c_icon=&#8221;&#8221; active_section=&#8221;287&#8243; no_fill=&#8221;true&#8221; collapsible_all=&#8221;true&#8221;][vc_tta_section title=&#8221;Enquire&#8221; tab_id=&#8221;1514895459596-04ede99c-528f&#8221; el_class=&#8221;commande&#8221;]<p class=\"wpcf7-contact-form-not-found\"><strong>Error:<\/strong> Contact form not found.<\/p>[\/vc_tta_section][\/vc_tta_accordion][\/vc_column][\/vc_row]<\/p>\n<\/div>","protected":false},"excerpt":{"rendered":"<p>Oval dining table in Carrara marble from the 70&#8217;s<\/p>\n","protected":false},"featured_media":21619,"template":"","meta":[],"product_brand":[],"product_cat":[187],"product_tag":[],"class_list":{"0":"post-22839","1":"product","2":"type-product","3":"status-publish","4":"has-post-thumbnail","6":"product_cat-sold","8":"first","9":"instock","10":"shipping-taxable","11":"product-type-simple"},"yoast_head":"<!-- This site is optimized with the Yoast SEO plugin v26.7 - https:\/\/yoast.com\/wordpress\/plugins\/seo\/ -->\n<title>Oval dining table in Carrara marble from the 70s - Danke Galerie<\/title>\n<meta name=\"robots\" content=\"index, follow, max-snippet:-1, max-image-preview:large, max-video-preview:-1\" \/>\n<link rel=\"canonical\" href=\"https:\/\/www.danke-galerie.com\/en\/produit\/oval-dining-table-in-carrara-marble-from-the-70s\/\" \/>\n<meta property=\"og:locale\" content=\"en_US\" \/>\n<meta property=\"og:type\" content=\"article\" \/>\n<meta property=\"og:title\" content=\"Oval dining table in Carrara marble from the 70s - Danke Galerie\" \/>\n<meta property=\"og:description\" content=\"Oval dining table in Carrara marble from the 70&#039;s\" \/>\n<meta property=\"og:url\" content=\"https:\/\/www.danke-galerie.com\/en\/produit\/oval-dining-table-in-carrara-marble-from-the-70s\/\" \/>\n<meta property=\"og:site_name\" content=\"Danke Galerie\" \/>\n<meta property=\"article:modified_time\" content=\"2021-04-19T06:47:39+00:00\" \/>\n<meta property=\"og:image\" content=\"https:\/\/www.danke-galerie.com\/wp-content\/uploads\/2020\/12\/table-\u00e0-manger-en-marbre-blanc-de-carrare-ovale-ann\u00e9es-6032.jpg\" \/>\n\t<meta property=\"og:image:width\" content=\"2048\" \/>\n\t<meta property=\"og:image:height\" content=\"1365\" \/>\n\t<meta property=\"og:image:type\" content=\"image\/jpeg\" \/>\n<meta name=\"twitter:card\" content=\"summary_large_image\" \/>\n<meta name=\"twitter:label1\" content=\"Est. reading time\" \/>\n\t<meta name=\"twitter:data1\" content=\"1 minute\" \/>\n<script type=\"application\/ld+json\" class=\"yoast-schema-graph\">{\"@context\":\"https:\/\/schema.org\",\"@graph\":[{\"@type\":\"WebPage\",\"@id\":\"https:\/\/www.danke-galerie.com\/en\/produit\/oval-dining-table-in-carrara-marble-from-the-70s\/\",\"url\":\"https:\/\/www.danke-galerie.com\/en\/produit\/oval-dining-table-in-carrara-marble-from-the-70s\/\",\"name\":\"Oval dining table in Carrara marble from the 70s - Danke Galerie\",\"isPartOf\":{\"@id\":\"https:\/\/www.danke-galerie.com\/#website\"},\"primaryImageOfPage\":{\"@id\":\"https:\/\/www.danke-galerie.com\/en\/produit\/oval-dining-table-in-carrara-marble-from-the-70s\/#primaryimage\"},\"image\":{\"@id\":\"https:\/\/www.danke-galerie.com\/en\/produit\/oval-dining-table-in-carrara-marble-from-the-70s\/#primaryimage\"},\"thumbnailUrl\":\"https:\/\/www.danke-galerie.com\/wp-content\/uploads\/2020\/12\/table-\u00e0-manger-en-marbre-blanc-de-carrare-ovale-ann\u00e9es-6032.jpg\",\"datePublished\":\"2020-12-01T10:06:54+00:00\",\"dateModified\":\"2021-04-19T06:47:39+00:00\",\"breadcrumb\":{\"@id\":\"https:\/\/www.danke-galerie.com\/en\/produit\/oval-dining-table-in-carrara-marble-from-the-70s\/#breadcrumb\"},\"inLanguage\":\"en-US\",\"potentialAction\":[{\"@type\":\"ReadAction\",\"target\":[\"https:\/\/www.danke-galerie.com\/en\/produit\/oval-dining-table-in-carrara-marble-from-the-70s\/\"]}]},{\"@type\":\"ImageObject\",\"inLanguage\":\"en-US\",\"@id\":\"https:\/\/www.danke-galerie.com\/en\/produit\/oval-dining-table-in-carrara-marble-from-the-70s\/#primaryimage\",\"url\":\"https:\/\/www.danke-galerie.com\/wp-content\/uploads\/2020\/12\/table-\u00e0-manger-en-marbre-blanc-de-carrare-ovale-ann\u00e9es-6032.jpg\",\"contentUrl\":\"https:\/\/www.danke-galerie.com\/wp-content\/uploads\/2020\/12\/table-\u00e0-manger-en-marbre-blanc-de-carrare-ovale-ann\u00e9es-6032.jpg\",\"width\":2048,\"height\":1365,\"caption\":\"table \u00e0 manger en marbre blanc de carrare ovale ann\u00e9es 6032\"},{\"@type\":\"BreadcrumbList\",\"@id\":\"https:\/\/www.danke-galerie.com\/en\/produit\/oval-dining-table-in-carrara-marble-from-the-70s\/#breadcrumb\",\"itemListElement\":[{\"@type\":\"ListItem\",\"position\":1,\"name\":\"Accueil\",\"item\":\"https:\/\/www.danke-galerie.com\/\"},{\"@type\":\"ListItem\",\"position\":2,\"name\":\"Collection &#8211; Danke Galerie &#8211; Vente de mobilier ancien\",\"item\":\"https:\/\/www.danke-galerie.com\/\"},{\"@type\":\"ListItem\",\"position\":3,\"name\":\"Oval dining table in Carrara marble from the 70s\"}]},{\"@type\":\"WebSite\",\"@id\":\"https:\/\/www.danke-galerie.com\/#website\",\"url\":\"https:\/\/www.danke-galerie.com\/\",\"name\":\"Danke Galerie\",\"description\":\"Vente mobilier du XXeme si\u00e8cle design vintage\",\"potentialAction\":[{\"@type\":\"SearchAction\",\"target\":{\"@type\":\"EntryPoint\",\"urlTemplate\":\"https:\/\/www.danke-galerie.com\/?s={search_term_string}\"},\"query-input\":{\"@type\":\"PropertyValueSpecification\",\"valueRequired\":true,\"valueName\":\"search_term_string\"}}],\"inLanguage\":\"en-US\"}]}<\/script>\n<!-- \/ Yoast SEO plugin. -->","yoast_head_json":{"title":"Oval dining table in Carrara marble from the 70s - Danke Galerie","robots":{"index":"index","follow":"follow","max-snippet":"max-snippet:-1","max-image-preview":"max-image-preview:large","max-video-preview":"max-video-preview:-1"},"canonical":"https:\/\/www.danke-galerie.com\/en\/produit\/oval-dining-table-in-carrara-marble-from-the-70s\/","og_locale":"en_US","og_type":"article","og_title":"Oval dining table in Carrara marble from the 70s - Danke Galerie","og_description":"Oval dining table in Carrara marble from the 70's","og_url":"https:\/\/www.danke-galerie.com\/en\/produit\/oval-dining-table-in-carrara-marble-from-the-70s\/","og_site_name":"Danke Galerie","article_modified_time":"2021-04-19T06:47:39+00:00","og_image":[{"width":2048,"height":1365,"url":"https:\/\/www.danke-galerie.com\/wp-content\/uploads\/2020\/12\/table-\u00e0-manger-en-marbre-blanc-de-carrare-ovale-ann\u00e9es-6032.jpg","type":"image\/jpeg"}],"twitter_card":"summary_large_image","twitter_misc":{"Est. reading time":"1 minute"},"schema":{"@context":"https:\/\/schema.org","@graph":[{"@type":"WebPage","@id":"https:\/\/www.danke-galerie.com\/en\/produit\/oval-dining-table-in-carrara-marble-from-the-70s\/","url":"https:\/\/www.danke-galerie.com\/en\/produit\/oval-dining-table-in-carrara-marble-from-the-70s\/","name":"Oval dining table in Carrara marble from the 70s - Danke Galerie","isPartOf":{"@id":"https:\/\/www.danke-galerie.com\/#website"},"primaryImageOfPage":{"@id":"https:\/\/www.danke-galerie.com\/en\/produit\/oval-dining-table-in-carrara-marble-from-the-70s\/#primaryimage"},"image":{"@id":"https:\/\/www.danke-galerie.com\/en\/produit\/oval-dining-table-in-carrara-marble-from-the-70s\/#primaryimage"},"thumbnailUrl":"https:\/\/www.danke-galerie.com\/wp-content\/uploads\/2020\/12\/table-\u00e0-manger-en-marbre-blanc-de-carrare-ovale-ann\u00e9es-6032.jpg","datePublished":"2020-12-01T10:06:54+00:00","dateModified":"2021-04-19T06:47:39+00:00","breadcrumb":{"@id":"https:\/\/www.danke-galerie.com\/en\/produit\/oval-dining-table-in-carrara-marble-from-the-70s\/#breadcrumb"},"inLanguage":"en-US","potentialAction":[{"@type":"ReadAction","target":["https:\/\/www.danke-galerie.com\/en\/produit\/oval-dining-table-in-carrara-marble-from-the-70s\/"]}]},{"@type":"ImageObject","inLanguage":"en-US","@id":"https:\/\/www.danke-galerie.com\/en\/produit\/oval-dining-table-in-carrara-marble-from-the-70s\/#primaryimage","url":"https:\/\/www.danke-galerie.com\/wp-content\/uploads\/2020\/12\/table-\u00e0-manger-en-marbre-blanc-de-carrare-ovale-ann\u00e9es-6032.jpg","contentUrl":"https:\/\/www.danke-galerie.com\/wp-content\/uploads\/2020\/12\/table-\u00e0-manger-en-marbre-blanc-de-carrare-ovale-ann\u00e9es-6032.jpg","width":2048,"height":1365,"caption":"table \u00e0 manger en marbre blanc de carrare ovale ann\u00e9es 6032"},{"@type":"BreadcrumbList","@id":"https:\/\/www.danke-galerie.com\/en\/produit\/oval-dining-table-in-carrara-marble-from-the-70s\/#breadcrumb","itemListElement":[{"@type":"ListItem","position":1,"name":"Accueil","item":"https:\/\/www.danke-galerie.com\/"},{"@type":"ListItem","position":2,"name":"Collection &#8211; Danke Galerie &#8211; Vente de mobilier ancien","item":"https:\/\/www.danke-galerie.com\/"},{"@type":"ListItem","position":3,"name":"Oval dining table in Carrara marble from the 70s"}]},{"@type":"WebSite","@id":"https:\/\/www.danke-galerie.com\/#website","url":"https:\/\/www.danke-galerie.com\/","name":"Danke Galerie","description":"Vente mobilier du XXeme si\u00e8cle design vintage","potentialAction":[{"@type":"SearchAction","target":{"@type":"EntryPoint","urlTemplate":"https:\/\/www.danke-galerie.com\/?s={search_term_string}"},"query-input":{"@type":"PropertyValueSpecification","valueRequired":true,"valueName":"search_term_string"}}],"inLanguage":"en-US"}]}},"_links":{"self":[{"href":"https:\/\/www.danke-galerie.com\/en\/wp-json\/wp\/v2\/product\/22839","targetHints":{"allow":["GET"]}}],"collection":[{"href":"https:\/\/www.danke-galerie.com\/en\/wp-json\/wp\/v2\/product"}],"about":[{"href":"https:\/\/www.danke-galerie.com\/en\/wp-json\/wp\/v2\/types\/product"}],"wp:featuredmedia":[{"embeddable":true,"href":"https:\/\/www.danke-galerie.com\/en\/wp-json\/wp\/v2\/media\/21619"}],"wp:attachment":[{"href":"https:\/\/www.danke-galerie.com\/en\/wp-json\/wp\/v2\/media?parent=22839"}],"wp:term":[{"taxonomy":"product_brand","embeddable":true,"href":"https:\/\/www.danke-galerie.com\/en\/wp-json\/wp\/v2\/product_brand?post=22839"},{"taxonomy":"product_cat","embeddable":true,"href":"https:\/\/www.danke-galerie.com\/en\/wp-json\/wp\/v2\/product_cat?post=22839"},{"taxonomy":"product_tag","embeddable":true,"href":"https:\/\/www.danke-galerie.com\/en\/wp-json\/wp\/v2\/product_tag?post=22839"}],"curies":[{"name":"wp","href":"https:\/\/api.w.org\/{rel}","templated":true}]}}

<!-- This site is optimized with the Yoast SEO plugin v26.7 - https://yoast.com/wordpress/plugins/seo/ -->
<title>Oval dining table in Carrara marble from the 70s - Danke Galerie</title>
<meta name="robots" content="index, follow, max-snippet:-1, max-image-preview:large, max-video-preview:-1" />
<link rel="canonical" href="https://www.danke-galerie.com/en/produit/oval-dining-table-in-carrara-marble-from-the-70s/" />
<meta property="og:locale" content="en_US" />
<meta property="og:type" content="article" />
<meta property="og:title" content="Oval dining table in Carrara marble from the 70s - Danke Galerie" />
<meta property="og:description" content="Oval dining table in Carrara marble from the 70&#039;s" />
<meta property="og:url" content="https://www.danke-galerie.com/en/produit/oval-dining-table-in-carrara-marble-from-the-70s/" />
<meta property="og:site_name" content="Danke Galerie" />
<meta property="article:modified_time" content="2021-04-19T06:47:39+00:00" />
<meta property="og:image" content="https://www.danke-galerie.com/wp-content/uploads/2020/12/table-à-manger-en-marbre-blanc-de-carrare-ovale-années-6032.jpg" />
	<meta property="og:image:width" content="2048" />
	<meta property="og:image:height" content="1365" />
	<meta property="og:image:type" content="image/jpeg" />
<meta name="twitter:card" content="summary_large_image" />
<meta name="twitter:label1" content="Est. reading time" />
	<meta name="twitter:data1" content="1 minute" />
<script type="application/ld+json" class="yoast-schema-graph">{"@context":"https://schema.org","@graph":[{"@type":"WebPage","@id":"https://www.danke-galerie.com/en/produit/oval-dining-table-in-carrara-marble-from-the-70s/","url":"https://www.danke-galerie.com/en/produit/oval-dining-table-in-carrara-marble-from-the-70s/","name":"Oval dining table in Carrara marble from the 70s - Danke Galerie","isPartOf":{"@id":"https://www.danke-galerie.com/#website"},"primaryImageOfPage":{"@id":"https://www.danke-galerie.com/en/produit/oval-dining-table-in-carrara-marble-from-the-70s/#primaryimage"},"image":{"@id":"https://www.danke-galerie.com/en/produit/oval-dining-table-in-carrara-marble-from-the-70s/#primaryimage"},"thumbnailUrl":"https://www.danke-galerie.com/wp-content/uploads/2020/12/table-à-manger-en-marbre-blanc-de-carrare-ovale-années-6032.jpg","datePublished":"2020-12-01T10:06:54+00:00","dateModified":"2021-04-19T06:47:39+00:00","breadcrumb":{"@id":"https://www.danke-galerie.com/en/produit/oval-dining-table-in-carrara-marble-from-the-70s/#breadcrumb"},"inLanguage":"en-US","potentialAction":[{"@type":"ReadAction","target":["https://www.danke-galerie.com/en/produit/oval-dining-table-in-carrara-marble-from-the-70s/"]}]},{"@type":"ImageObject","inLanguage":"en-US","@id":"https://www.danke-galerie.com/en/produit/oval-dining-table-in-carrara-marble-from-the-70s/#primaryimage","url":"https://www.danke-galerie.com/wp-content/uploads/2020/12/table-à-manger-en-marbre-blanc-de-carrare-ovale-années-6032.jpg","contentUrl":"https://www.danke-galerie.com/wp-content/uploads/2020/12/table-à-manger-en-marbre-blanc-de-carrare-ovale-années-6032.jpg","width":2048,"height":1365,"caption":"table à manger en marbre blanc de carrare ovale années 6032"},{"@type":"BreadcrumbList","@id":"https://www.danke-galerie.com/en/produit/oval-dining-table-in-carrara-marble-from-the-70s/#breadcrumb","itemListElement":[{"@type":"ListItem","position":1,"name":"Accueil","item":"https://www.danke-galerie.com/"},{"@type":"ListItem","position":2,"name":"Collection &#8211; Danke Galerie &#8211; Vente de mobilier ancien","item":"https://www.danke-galerie.com/"},{"@type":"ListItem","position":3,"name":"Oval dining table in Carrara marble from the 70s"}]},{"@type":"WebSite","@id":"https://www.danke-galerie.com/#website","url":"https://www.danke-galerie.com/","name":"Danke Galerie","description":"Vente mobilier du XXeme siècle design vintage","potentialAction":[{"@type":"SearchAction","target":{"@type":"EntryPoint","urlTemplate":"https://www.danke-galerie.com/?s={search_term_string}"},"query-input":{"@type":"PropertyValueSpecification","valueRequired":true,"valueName":"search_term_string"}}],"inLanguage":"en-US"}]}</script>
<!-- / Yoast SEO plugin. -->

https://www.danke-galerie.com/wp-content/uploads/2020/12/table-à-manger-en-marbre-blanc-de-carrare-ovale-années-6032.jpg

table à manger en marbre blanc de carrare ovale années 6032

Vente mobilier du XXeme siècle design vintage
